CRAN Package Check Results for Package ClusterR

Last updated on 2025-07-16 09:51:14 CEST.

Flavor Version Tinstall Tcheck Ttotal Status Flags
r-devel-linux-x86_64-debian-clang 1.3.3 56.67 173.38 230.05 NOTE
r-devel-linux-x86_64-debian-gcc 1.3.3 46.91 98.31 145.22 NOTE
r-devel-linux-x86_64-fedora-clang 1.3.3 357.31 OK
r-devel-linux-x86_64-fedora-gcc 1.3.3 364.05 OK
r-devel-windows-x86_64 1.3.3 67.00 181.00 248.00 OK
r-patched-linux-x86_64 1.3.3 65.03 140.83 205.86 OK
r-release-linux-x86_64 1.3.3 68.25 143.58 211.83 OK
r-release-macos-arm64 1.3.3 156.00 OK
r-release-macos-x86_64 1.3.3 212.00 OK
r-release-windows-x86_64 1.3.3 69.00 180.00 249.00 OK
r-oldrel-macos-arm64 1.3.3 107.00 NOTE
r-oldrel-macos-x86_64 1.3.3 325.00 NOTE
r-oldrel-windows-x86_64 1.3.3 80.00 235.00 315.00 OK

Check Details

Version: 1.3.3
Check: DESCRIPTION meta-information
Result: NOTE Author field differs from that derived from Authors@R Author: ‘Lampros Mouselimis [aut, cre] (<https://orcid.org/0000-0002-8024-1546>), Conrad Sanderson [cph] (Author of the C++ Armadillo library), Ryan Curtin [cph] (Author of the C++ Armadillo library), Siddharth Agrawal [cph] (Author of the C code of the Mini-Batch-Kmeans algorithm (https://github.com/siddharth-agrawal/Mini-Batch-K-Means)), Brendan Frey [cph] (Author of the matlab code of the Affinity propagation algorithm (for commercial use please contact the author of the matlab code)), Delbert Dueck [cph] (Author of the matlab code of the Affinity propagation algorithm), Vitalie Spinu [ctb] (Github Contributor)’ Authors@R: ‘Lampros Mouselimis [aut, cre] (ORCID: <https://orcid.org/0000-0002-8024-1546>), Conrad Sanderson [cph] (Author of the C++ Armadillo library), Ryan Curtin [cph] (Author of the C++ Armadillo library), Siddharth Agrawal [cph] (Author of the C code of the Mini-Batch-Kmeans algorithm (https://github.com/siddharth-agrawal/Mini-Batch-K-Means)), Brendan Frey [cph] (Author of the matlab code of the Affinity propagation algorithm (for commercial use please contact the author of the matlab code)), Delbert Dueck [cph] (Author of the matlab code of the Affinity propagation algorithm), Vitalie Spinu [ctb] (Github: Github Contributor)’ Flavors: r-devel-linux-x86_64-debian-clang, r-devel-linux-x86_64-debian-gcc

Version: 1.3.3
Check: installed package size
Result: NOTE installed size is 9.3Mb sub-directories of 1Mb or more: libs 8.0Mb Flavors: r-oldrel-macos-arm64, r-oldrel-macos-x86_64