CRAN Package Check Results for Package FER

Last updated on 2025-07-03 09:50:41 CEST.

Flavor Version Tinstall Tcheck Ttotal Status Flags
r-devel-linux-x86_64-debian-clang 0.94 2.26 21.86 24.12 OK
r-devel-linux-x86_64-debian-gcc 0.94 1.61 17.44 19.05 OK
r-devel-linux-x86_64-fedora-clang 0.94 37.89 OK
r-devel-linux-x86_64-fedora-gcc 0.94 36.08 OK
r-devel-windows-x86_64 0.94 3.00 44.00 47.00 OK
r-patched-linux-x86_64 0.94 2.47 20.20 22.67 OK
r-release-linux-x86_64 0.94 2.07 19.97 22.04 OK
r-release-macos-arm64 0.94 17.00 OK
r-release-macos-x86_64 0.94 26.00 OK
r-release-windows-x86_64 0.94 5.00 44.00 49.00 OK
r-oldrel-macos-arm64 0.94 15.00 NOTE
r-oldrel-macos-x86_64 0.94 22.00 NOTE
r-oldrel-windows-x86_64 0.94 3.00 47.00 50.00 NOTE

Check Details

Version: 0.94
Check: LazyData
Result: NOTE 'LazyData' is specified without a 'data' directory Flavors: r-oldrel-macos-arm64, r-oldrel-macos-x86_64, r-oldrel-windows-x86_64