Last updated on 2025-07-16 09:51:13 CEST.
Flavor | Version | Tinstall | Tcheck | Ttotal | Status | Flags |
---|---|---|---|---|---|---|
r-devel-linux-x86_64-debian-clang | 0.0.7 | 2.56 | 49.47 | 52.03 | NOTE | |
r-devel-linux-x86_64-debian-gcc | 0.0.7 | 1.87 | 38.46 | 40.33 | NOTE | |
r-devel-linux-x86_64-fedora-clang | 0.0.7 | 80.18 | OK | |||
r-devel-linux-x86_64-fedora-gcc | 0.0.7 | 92.05 | OK | |||
r-devel-windows-x86_64 | 0.0.7 | 5.00 | 92.00 | 97.00 | OK | |
r-patched-linux-x86_64 | 0.0.7 | 2.60 | 47.39 | 49.99 | OK | |
r-release-linux-x86_64 | 0.0.7 | 2.54 | 46.83 | 49.37 | OK | |
r-release-macos-arm64 | 0.0.7 | 53.00 | OK | |||
r-release-macos-x86_64 | 0.0.7 | 76.00 | OK | |||
r-release-windows-x86_64 | 0.0.7 | 5.00 | 102.00 | 107.00 | OK | |
r-oldrel-macos-arm64 | 0.0.7 | 41.00 | OK | |||
r-oldrel-macos-x86_64 | 0.0.7 | 79.00 | OK | |||
r-oldrel-windows-x86_64 | 0.0.7 | 5.00 | 103.00 | 108.00 | OK |
Version: 0.0.7
Check: CRAN incoming feasibility
Result: NOTE
Maintainer: ‘Dirk Eddelbuettel <edd@debian.org>’
No Authors@R field in DESCRIPTION.
Please add one, modifying
Authors@R: c(person(given = "Dirk",
family = "Eddelbuettel",
role = c("aut", "cre"),
email = "edd@debian.org"),
person(given = "Ista",
family = "Zahn",
role = "aut"),
person(given = "Rob",
family = "Hyndman",
role = "aut"))
as necessary.
Flavors: r-devel-linux-x86_64-debian-clang, r-devel-linux-x86_64-debian-gcc