Last updated on 2025-07-02 09:51:04 CEST.
Flavor | Version | Tinstall | Tcheck | Ttotal | Status | Flags |
---|---|---|---|---|---|---|
r-devel-linux-x86_64-debian-clang | 0.1.0 | 1.96 | 23.43 | 25.39 | OK | |
r-devel-linux-x86_64-debian-gcc | 0.1.0 | 1.64 | 19.21 | 20.85 | OK | |
r-devel-linux-x86_64-fedora-clang | 0.1.0 | 41.10 | OK | |||
r-devel-linux-x86_64-fedora-gcc | 0.1.0 | 39.86 | OK | |||
r-devel-windows-x86_64 | 0.1.0 | 3.00 | 53.00 | 56.00 | OK | |
r-patched-linux-x86_64 | OK | |||||
r-release-linux-x86_64 | 0.1.0 | 1.98 | 21.97 | 23.95 | OK | |
r-release-macos-arm64 | 0.1.0 | 18.00 | OK | |||
r-release-macos-x86_64 | 0.1.0 | 39.00 | OK | |||
r-release-windows-x86_64 | 0.1.0 | 3.00 | 52.00 | 55.00 | OK | |
r-oldrel-macos-arm64 | 0.1.0 | 18.00 | NOTE | |||
r-oldrel-macos-x86_64 | 0.1.0 | 33.00 | NOTE | |||
r-oldrel-windows-x86_64 | 0.1.0 | 4.00 | 53.00 | 57.00 | NOTE |
Version: 0.1.0
Check: package dependencies
Result: NOTE
Package suggested but not available for checking: ‘gdxrrw’
Flavors: r-oldrel-macos-arm64, r-oldrel-macos-x86_64, r-oldrel-windows-x86_64
Version: 0.1.0
Check: LazyData
Result: NOTE
'LazyData' is specified without a 'data' directory
Flavors: r-oldrel-macos-arm64, r-oldrel-macos-x86_64, r-oldrel-windows-x86_64