CRAN Package Check Results for Package germinationmetrics

Last updated on 2025-07-02 09:51:05 CEST.

Flavor Version Tinstall Tcheck Ttotal Status Flags
r-devel-linux-x86_64-debian-clang 0.1.8 13.30 163.19 176.49 NOTE
r-devel-linux-x86_64-debian-gcc 0.1.8 7.83 114.38 122.21 NOTE
r-devel-linux-x86_64-fedora-clang 0.1.8 272.28 OK
r-devel-linux-x86_64-fedora-gcc 0.1.8 269.91 OK
r-devel-windows-x86_64 0.1.8 15.00 248.00 263.00 OK
r-patched-linux-x86_64 OK
r-release-linux-x86_64 0.1.8 12.80 149.42 162.22 OK
r-release-macos-arm64 0.1.8 77.00 OK
r-release-macos-x86_64 0.1.8 153.00 OK
r-release-windows-x86_64 0.1.8 15.00 240.00 255.00 OK
r-oldrel-macos-arm64 0.1.8 70.00 OK
r-oldrel-macos-x86_64 0.1.8 118.00 OK
r-oldrel-windows-x86_64 0.1.8 20.00 253.00 273.00 OK

Check Details

Version: 0.1.8
Check: DESCRIPTION meta-information
Result: NOTE Author field differs from that derived from Authors@R Author: ‘J. Aravind [aut, cre] (<https://orcid.org/0000-0002-4791-442X>), S. Vimala Devi [aut], J. Radhamani [aut], Sherry Rachel Jacob [aut], Kalyani Srinivasan [aut], ICAR-NBGPR [cph] (www.nbpgr.ernet.in)’ Authors@R: ‘J. Aravind [aut, cre] (ORCID: <https://orcid.org/0000-0002-4791-442X>), S. Vimala Devi [aut], J. Radhamani [aut], Sherry Rachel Jacob [aut], Kalyani Srinivasan [aut], ICAR-NBGPR [cph] (url: www.nbpgr.ernet.in)’ Flavors: r-devel-linux-x86_64-debian-clang, r-devel-linux-x86_64-debian-gcc