Last updated on 2025-07-03 09:50:47 CEST.
Flavor | Version | Tinstall | Tcheck | Ttotal | Status | Flags |
---|---|---|---|---|---|---|
r-devel-linux-x86_64-debian-clang | 1.2.3 | 2.53 | 35.17 | 37.70 | NOTE | |
r-devel-linux-x86_64-debian-gcc | 1.2.3 | 2.00 | 28.59 | 30.59 | NOTE | |
r-devel-linux-x86_64-fedora-clang | 1.2.3 | 57.98 | NOTE | |||
r-devel-linux-x86_64-fedora-gcc | 1.2.3 | 68.29 | NOTE | |||
r-devel-windows-x86_64 | 1.2.3 | 5.00 | 57.00 | 62.00 | NOTE | |
r-patched-linux-x86_64 | 1.2.3 | 2.92 | 32.38 | 35.30 | NOTE | |
r-release-linux-x86_64 | 1.2.3 | 2.50 | 31.91 | 34.41 | NOTE | |
r-release-macos-arm64 | 1.2.3 | 30.00 | NOTE | |||
r-release-macos-x86_64 | 1.2.3 | 48.00 | NOTE | |||
r-release-windows-x86_64 | 1.2.3 | 5.00 | 57.00 | 62.00 | NOTE | |
r-oldrel-macos-arm64 | 1.2.3 | 40.00 | NOTE | |||
r-oldrel-macos-x86_64 | 1.2.3 | 43.00 | NOTE | |||
r-oldrel-windows-x86_64 | 1.2.3 | 7.00 | 66.00 | 73.00 | NOTE |
Version: 1.2.3
Check: Rd files
Result: NOTE
checkRd: (-1) morphemepiece_cache_dir.Rd:17-19: Lost braces in \itemize; meant \describe ?
checkRd: (-1) morphemepiece_cache_dir.Rd:20-21: Lost braces in \itemize; meant \describe ?
checkRd: (-1) morphemepiece_cache_dir.Rd:22-24: Lost braces in \itemize; meant \describe ?
Flavors: r-devel-linux-x86_64-debian-clang, r-devel-linux-x86_64-debian-gcc, r-devel-linux-x86_64-fedora-clang, r-devel-linux-x86_64-fedora-gcc, r-devel-windows-x86_64, r-patched-linux-x86_64, r-release-linux-x86_64, r-release-macos-arm64, r-release-macos-x86_64, r-release-windows-x86_64, r-oldrel-macos-arm64, r-oldrel-macos-x86_64, r-oldrel-windows-x86_64