CRAN Package Check Results for Package scar

Last updated on 2025-07-03 09:50:52 CEST.

Flavor Version Tinstall Tcheck Ttotal Status Flags
r-devel-linux-x86_64-debian-clang 0.2-2 3.26 28.08 31.34 NOTE
r-devel-linux-x86_64-debian-gcc 0.2-2 2.41 22.11 24.52 NOTE
r-devel-linux-x86_64-fedora-clang 0.2-2 47.35 OK
r-devel-linux-x86_64-fedora-gcc 0.2-2 46.74 OK
r-devel-windows-x86_64 0.2-2 6.00 54.00 60.00 OK
r-patched-linux-x86_64 0.2-2 3.44 26.47 29.91 OK
r-release-linux-x86_64 0.2-2 2.88 26.70 29.58 OK
r-release-macos-arm64 0.2-2 21.00 OK
r-release-macos-x86_64 0.2-2 40.00 OK
r-release-windows-x86_64 0.2-2 5.00 55.00 60.00 OK
r-oldrel-macos-arm64 0.2-2 15.00 OK
r-oldrel-macos-x86_64 0.2-2 31.00 OK
r-oldrel-windows-x86_64 0.2-2 6.00 59.00 65.00 OK

Check Details

Version: 0.2-2
Check: CRAN incoming feasibility
Result: NOTE Maintainer: ‘Yining Chen <y.chen101@lse.ac.uk>’ No Authors@R field in DESCRIPTION. Please add one, modifying Authors@R: c(person(given = "Yining", family = "Chen", role = c("aut", "cre"), email = "y.chen101@lse.ac.uk"), person(given = "Richard", family = "Samworth", role = "aut")) as necessary. Flavors: r-devel-linux-x86_64-debian-clang, r-devel-linux-x86_64-debian-gcc