Last updated on 2025-07-16 09:51:32 CEST.
Flavor | Version | Tinstall | Tcheck | Ttotal | Status | Flags |
---|---|---|---|---|---|---|
r-devel-linux-x86_64-debian-clang | 0.0.5 | 5.63 | 64.12 | 69.75 | OK | |
r-devel-linux-x86_64-debian-gcc | 0.0.5 | 5.05 | 48.77 | 53.82 | OK | |
r-devel-linux-x86_64-fedora-clang | 0.0.5 | 108.65 | NOTE | |||
r-devel-linux-x86_64-fedora-gcc | 0.0.5 | 125.77 | NOTE | |||
r-devel-windows-x86_64 | 0.0.5 | 9.00 | 75.00 | 84.00 | OK | |
r-patched-linux-x86_64 | 0.0.4 | 5.99 | 60.52 | 66.51 | OK | |
r-release-linux-x86_64 | 0.0.5 | 6.25 | 60.77 | 67.02 | OK | |
r-release-macos-arm64 | 0.0.4 | 40.00 | OK | |||
r-release-macos-x86_64 | 0.0.5 | 86.00 | OK | |||
r-release-windows-x86_64 | 0.0.5 | 8.00 | 78.00 | 86.00 | OK | |
r-oldrel-macos-arm64 | 0.0.4 | 46.00 | OK | |||
r-oldrel-macos-x86_64 | 0.0.5 | 81.00 | OK | |||
r-oldrel-windows-x86_64 | 0.0.5 | 9.00 | 89.00 | 98.00 | OK |
Version: 0.0.5
Check: dependencies in R code
Result: NOTE
Namespace in Imports field not imported from: ‘ggplot2’
All declared Imports should be used.
Flavors: r-devel-linux-x86_64-fedora-clang, r-devel-linux-x86_64-fedora-gcc