CRAN Package Check Results for Package ssev

Last updated on 2025-07-03 09:50:54 CEST.

Flavor Version Tinstall Tcheck Ttotal Status Flags
r-devel-linux-x86_64-debian-clang 0.1.0 1.90 23.87 25.77 OK
r-devel-linux-x86_64-debian-gcc 0.1.0 1.50 18.66 20.16 OK
r-devel-linux-x86_64-fedora-clang 0.1.0 38.84 OK
r-devel-linux-x86_64-fedora-gcc 0.1.0 36.13 OK
r-devel-windows-x86_64 0.1.0 3.00 45.00 48.00 OK
r-patched-linux-x86_64 0.1.0 2.02 22.44 24.46 OK
r-release-linux-x86_64 0.1.0 2.06 22.11 24.17 OK
r-release-macos-arm64 0.1.0 22.00 OK
r-release-macos-x86_64 0.1.0 25.00 OK
r-release-windows-x86_64 0.1.0 4.00 44.00 48.00 OK
r-oldrel-macos-arm64 0.1.0 15.00 NOTE
r-oldrel-macos-x86_64 0.1.0 24.00 NOTE
r-oldrel-windows-x86_64 0.1.0 5.00 50.00 55.00 NOTE

Check Details

Version: 0.1.0
Check: LazyData
Result: NOTE 'LazyData' is specified without a 'data' directory Flavors: r-oldrel-macos-arm64, r-oldrel-macos-x86_64, r-oldrel-windows-x86_64