CRAN Package Check Results for Package svplots

Last updated on 2025-07-03 09:50:55 CEST.

Flavor Version Tinstall Tcheck Ttotal Status Flags
r-devel-linux-x86_64-debian-clang 0.1.0 5.17 76.20 81.37 NOTE
r-devel-linux-x86_64-debian-gcc 0.1.0 3.58 53.60 57.18 NOTE
r-devel-linux-x86_64-fedora-clang 0.1.0 121.87 OK
r-devel-linux-x86_64-fedora-gcc 0.1.0 132.02 OK
r-devel-windows-x86_64 0.1.0 8.00 82.00 90.00 OK
r-patched-linux-x86_64 0.1.0 5.34 72.00 77.34 OK
r-release-linux-x86_64 0.1.0 4.53 71.70 76.23 OK
r-release-macos-arm64 0.1.0 41.00 OK
r-release-macos-x86_64 0.1.0 76.00 OK
r-release-windows-x86_64 0.1.0 8.00 84.00 92.00 OK
r-oldrel-macos-arm64 0.1.0 40.00 OK
r-oldrel-macos-x86_64 0.1.0 60.00 OK
r-oldrel-windows-x86_64 0.1.0 9.00 105.00 114.00 OK

Check Details

Version: 0.1.0
Check: CRAN incoming feasibility
Result: NOTE Maintainer: ‘Uditha Amarananda Wijesuriya <u.wijesuriya@usi.edu>’ No Authors@R field in DESCRIPTION. Please add one, modifying Authors@R: person(given = c("Uditha", "Amarananda"), family = "Wijesuriya", role = c("aut", "cre"), email = "u.wijesuriya@usi.edu") as necessary. Flavors: r-devel-linux-x86_64-debian-clang, r-devel-linux-x86_64-debian-gcc