Last updated on 2025-07-02 09:51:18 CEST.
Flavor | Version | Tinstall | Tcheck | Ttotal | Status | Flags |
---|---|---|---|---|---|---|
r-devel-linux-x86_64-debian-clang | 0.1.5 | 2.44 | 26.90 | 29.34 | NOTE | |
r-devel-linux-x86_64-debian-gcc | 0.1.5 | 1.84 | 21.29 | 23.13 | NOTE | |
r-devel-linux-x86_64-fedora-clang | 0.1.5 | 42.47 | OK | |||
r-devel-linux-x86_64-fedora-gcc | 0.1.5 | 40.01 | OK | |||
r-devel-windows-x86_64 | 0.1.5 | 4.00 | 47.00 | 51.00 | OK | |
r-patched-linux-x86_64 | OK | |||||
r-release-linux-x86_64 | 0.1.5 | 2.40 | 24.34 | 26.74 | OK | |
r-release-macos-arm64 | 0.1.5 | 23.00 | OK | |||
r-release-macos-x86_64 | 0.1.5 | 31.00 | OK | |||
r-release-windows-x86_64 | 0.1.5 | 4.00 | 47.00 | 51.00 | OK | |
r-oldrel-macos-arm64 | 0.1.5 | 18.00 | OK | |||
r-oldrel-macos-x86_64 | 0.1.5 | 27.00 | OK | |||
r-oldrel-windows-x86_64 | 0.1.5 | 4.00 | 52.00 | 56.00 | OK |
Version: 0.1.5
Check: CRAN incoming feasibility
Result: NOTE
Maintainer: ‘Carl Boettiger <cboettig@gmail.com>’
The BugReports field in DESCRIPTION has
https://github.com/cboettig/taxalight
which should likely be
https://github.com/cboettig/taxalight/issues
instead.
Flavors: r-devel-linux-x86_64-debian-clang, r-devel-linux-x86_64-debian-gcc